?
5
Suppose 4*q - 53 = -21. Let l(r) = 12*r. Let k be l(9). Suppose -q*c - k = -11*c. Calculate the greatest common factor of 9 and c.
9
Suppose 2*w - 3*k = 451, -8*w + 6*w + 439 = k. What is the greatest common factor of 65 and w?
13
Let h = -352 - -353. Calculate the greatest common factor of 9 and h.
1
Suppose -11*w + 172 = -59. Calculate the highest common divisor of 357 and w.
21
Let c be (1/1)/((-11)/(-44)). Suppose -s - 12 = -c*s. Suppose -s*v = 5*i - 37, 0 = -3*v + 4*v - 2*i + 7. Calculate the greatest common divisor of v and 21.
3
Suppose 5*y + 3*i - 15 = 0, 0 = 5*y + 5*i + 16 - 21. Let w be (-24)/(-1 - (-1 + 1)). What is the greatest common factor of y and w?
6
Suppose 0 = -10*f + 1496 + 1454. What is the highest common divisor of f and 531?
59
Let d be (-40)/12*(-12)/10. Suppose -40 = d*l - 8*l. Calculate the greatest common factor of 10 and l.
10
Let o = -30 + 51. Suppose -3*a + 3*w = 0, w + 6 = a + 6*w. Let n(k) = 13*k**3 + k**2 - k + 1. Let c be n(a). Calculate the greatest common divisor of c and o.
7
Let l be (2/5)/((-3)/(-30)). Let p be (-192)/36*(-99)/l. Suppose -p = -5*x - x. Calculate the highest common factor of x and 110.
22
Let h(b) = -b + 93. Let c be h(-5). Calculate the highest common factor of 14 and c.
14
Let u = 710 + -422. What is the greatest common factor of u and 32?
32
Let j = -10 + 23. What is the greatest common divisor of j and 143?
13
Suppose 19*z + 3864 = 5*z. Let w = -147 - z. Calculate the greatest common factor of w and 43.
43
Suppose -90 = -313*i + 303*i. Suppose -j + 16 = 5*s - 11, -2*j + 54 = 4*s. Calculate the greatest common factor of i and j.
9
Let n = 27 - 23. Suppose 2*c - 92 = -n*t, -t + c = 3*c - 26. What is the highest common divisor of 110 and t?
22
Suppose -2*j + 6 = -b - 0*j, 0 = -2*j + 6. Let h = b - 0. Suppose -3*a + 6*a - 93 = h. Calculate the highest common factor of 93 and a.
31
Let x(w) = -14*w - 20. Let k be x(-4). Calculate the highest common factor of k and 288.
36
Let a be 25/50 + (-138)/(-4). What is the highest common factor of 56 and a?
7
Let d(s) = s**2 - 20*s - 21. Let q be d(21). Let i = 106 - 40. Suppose q = 5*c - i - 34. Calculate the greatest common factor of 4 and c.
4
Let d be (1/1)/((-2)/(-6)). Let h(l) = -5*l + l**2 + 4*l**2 + 0*l**2 + 8*l**2 + 4 - 2. Let r be h(d). Calculate the highest common divisor of r and 13.
13
Let a(r) = 20*r**2 - 3*r + 1. Let d be -1 + 6*1/2. Let b be a(d). Suppose 4*l - 219 = -b. What is the highest common factor of 12 and l?
12
Let m(j) = j**3 - 14*j**2 - 15*j + 7. Let w be m(15). Suppose -2*a + 9*p = 4*p + w, -5*p + 35 = 5*a. Calculate the highest common divisor of a and 12.
4
Suppose 1 = 3*n - 14. Suppose q = -1, -4*m + 37 + 18 = n*q. What is the highest common factor of 165 and m?
15
Let g be 36/(3/(-48)*-8). What is the greatest common divisor of g and 384?
24
Suppose 4*y + 2*i - 274 = 6*y, 413 = -3*y + 4*i. Let x = y + 191. What is the greatest common factor of 4 and x?
4
Suppose -5*q - 6*t + 1135 = -t, -t = 4*q - 902. Let s be 4/(-36) + 57/27. Let v(y) = 16*y - 7. Let o be v(s). Calculate the highest common divisor of q and o.
25
Let u = -5 - 54. Let n = -15 - u. Let d(m) = 2*m**2 + 4*m + 6. Let g be d(-4). Calculate the greatest common divisor of n and g.
22
Let k = -15 + 42. Suppose 0 = -14*w + 11 + 31. What is the greatest common divisor of w and k?
3
Let s(m) = -22*m - 32. Let q be s(-8). Let h = 160 - q. Calculate the greatest common factor of h and 176.
16
Let q = 15 + -22. Let d be (18/(-4))/(q/14). Calculate the greatest common factor of 9 and d.
9
Suppose -2*w + 0*w - 14 = 0. Let r(j) = 2*j + 8. Let h be r(w). Let x be h/4*(-20)/6. What is the highest common divisor of 15 and x?
5
Let l(v) = -v**3 + 6*v**2 + 73*v + 8. Let n be l(12). Calculate the highest common divisor of n and 25.
5
Suppose q - 22 = -2*h, 4*h + 4*q = 24 + 16. Calculate the highest common divisor of 60 and h.
12
Suppose j + 354 = s, 5*j + 789 = 3*s - 281. Calculate the highest common factor of s and 560.
70
Suppose 14*r = 17*r + 51. Let b(j) = 2*j + 35. Let f be b(r). Calculate the highest common divisor of 1 and f.
1
Suppose -4*m - 7*c + 3*c + 144 = 0, 0 = 3*m - c - 104. What is the greatest common factor of 15 and m?
5
Let n = 2 - -16. Let s be 6 - 1 - 3 - -84. Suppose -s = -q - 5*g + g, g = -4*q + 359. What is the highest common divisor of n and q?
18
Suppose 175 = 3*o + j - 649, 1378 = 5*o - 3*j. What is the greatest common factor of 75 and o?
25
Let i(w) = 33*w + 27. Let r be i(11). What is the greatest common factor of 78 and r?
78
Let c = -15 + 13. Let f(j) = -15*j - 9. Let m be f(c). Let a(h) = h. Let i be a(3). Calculate the highest common factor of i and m.
3
Suppose 2*y = 12 - 4. Suppose 0 = y*s - l - 12, 4*s = -6*l + l + 12. Suppose -296 = -s*t - 65. What is the greatest common divisor of t and 7?
7
Let b(n) = 24*n - 21. Let t = 52 + -47. Let q be b(t). Calculate the highest common divisor of q and 66.
33
Suppose -139*k - 11232 = -165*k. What is the greatest common divisor of 27 and k?
27
Suppose 1443 - 183 = 14*f. What is the highest common divisor of f and 50?
10
Suppose g = -2*g + 561. Suppose -6*m + 125 + g = 0. Calculate the highest common divisor of 78 and m.
26
Let b = -25 - -30. Let u(q) = 8*q - 9. Let i be u(b). What is the highest common divisor of i and 341?
31
Suppose 3*b + q + 9 = -2*q, -3*q = -5*b + 1. Let h be 1*(-2 - -3)*b. Let k be (1 - h) + (-92)/(-4). What is the greatest common factor of k and 10?
5
Let v = -213 + 243. What is the highest common divisor of 24 and v?
6
Let x(h) = -h**3 - 6*h**2 + 10*h - 17. Let f be x(-9). Calculate the greatest common divisor of f and 34.
34
Suppose 0 = -o - 3 + 6. Let y = o + 12. Calculate the highest common divisor of 45 and y.
15
Let y(f) = -2*f**3 - 13*f**2 - 15*f - 46. Let n be y(-6). What is the highest common factor of 1 and n?
1
Suppose -2*z - 54 = -5*z. Suppose -696*p + 677*p + 38 = 0. Calculate the greatest common divisor of z and p.
2
Let m be 66*1*2/6. Suppose 0 = 4*s - 33 - 7. Suppose r - 45 - s = 0. What is the greatest common factor of m and r?
11
Suppose 13*z - 17*z + 5*j = -3253, -2*z - 4*j + 1620 = 0. Calculate the highest common divisor of z and 14.
14
Let j be ((-36)/30 - 57/15) + 22. Let d(c) = -2*c**3 - 8*c**2 - 2*c - 3. Let l be d(-6). What is the greatest common divisor of j and l?
17
Let r = 17 - 12. Suppose 2*d + 24 = 4*d. Suppose -3*s = 4*b - 29, d = 5*b - 2*s - 7. What is the highest common factor of b and r?
5
Let s be ((-2)/(-6))/(12/(-108)) + 7. What is the highest common divisor of 50 and s?
2
Suppose q - 7 + 15 = -c, 4*c + 5*q + 28 = 0. Let g = 36 + c. Calculate the highest common divisor of g and 8.
8
Suppose -4*z + 79 - 22 = l, 0 = z + 5*l. Calculate the highest common divisor of 90 and z.
15
Suppose -4*z = -z - 2*x - 96, 2*x = 6. Suppose -66 = -3*v + 339. Suppose v + 6 = 3*n - 4*c, 0 = 5*n - 4*c - 243. What is the highest common factor of z and n?
17
Suppose -2*y - 2 = 0, 4*y - 46 = -68*u + 66*u. What is the greatest common factor of 400 and u?
25
Let n = -1017 - -1193. Calculate the greatest common divisor of n and 165.
11
Let t be 21/(-49) + (-73956)/(-84). What is the highest common divisor of 66 and t?
22
Suppose 2568 = 21*n - 204. Calculate the greatest common factor of n and 108.
12
Let z = -30 + 50. Let t(f) = f**2 + 44*f - 1106. Let g be t(-62). Calculate the greatest common divisor of z and g.
10
Let r = -3 - -3. Suppose 0 = -v - k - r*k + 4, 3*v - 16 = -4*k. Suppose v*c - 7 = -c - 5*f, -f = -4*c + 91. Calculate the highest common factor of 44 and c.
22
Let a be ((-522)/(-12))/(-1 + (-105)/(-96)). What is the greatest common factor of a and 16?
16
Let w(s) = -s**3 + 12*s**2 - 21*s + 15. Let i be w(10). Suppose 0*u - 4*u = 5*f - 210, i*u - 84 = -2*f. What is the highest common divisor of 28 and f?
14
Let m(k) = -2*k**3 - k + 2. Let d be m(2). Let x be d/5*105/(-14). Suppose -7*l = -3*l - x. Calculate the highest common divisor of l and 2.
2
Let x(a) = 7*a**2 + 5*a - 11. Let m be x(-3). Calculate the highest common divisor of 222 and m.
37
Suppose 0 = -3*t + 18 - 21. Let c(b) = 34*b**2 - 3*b - 2. Let v be c(t). Calculate the highest common divisor of v and 5.
5
Let n = 371 + -137. Calculate the greatest common factor of 18 and n.
18
Let c(a) be